nits digit of r?
2
Let s(t) = 63*t**2 - 3*t + 9. What is the units digit of s(3)?
7
Let n be (8/(-6))/(6/(-1503)). Let s = n - 237. What is the tens digit of s?
9
Let x(f) = -16*f + 57. What is the units digit of x(-11)?
3
What is the thousands digit of (-720)/600 + 9456/5?
1
Let n be (28/(-12))/((-2)/(-36)). Let h = n + 156. Suppose 12 - h = -3*r. What is the units digit of r?
4
Let h = 1153 - -1545. What is the tens digit of h?
9
Suppose -750 = -4*l - 2*g, -l = -3*l - 3*g + 365. What is the units digit of l?
0
Let a be (-4)/6 - 68/(-12). Suppose -2*j - 5*u = -29, 5*j - a = -u + 10. Suppose -j*t - 2*p + 45 = 3*t, -3*t + 38 = -p. What is the tens digit of t?
1
Suppose 258*m - 261*m = -3*q - 10083, 4*m - 13428 = -4*q. What is the hundreds digit of m?
3
What is the tens digit of 1260 - (-3)/(-6)*-16?
6
Suppose s - 3*n - 7 = 6, 2*n = -8. What is the tens digit of 42 + s + -4 + 9 + -6?
4
Suppose 2*k - 18 = 2*c, -k + 5 = 4*k + 3*c. Suppose -k*j + 4 = -16. Suppose -d + j*d = 4*n - 12, -5*n = 2*d - 29. What is the units digit of d?
2
Suppose 5*p + 5*d + 0*d = 4470, 2684 = 3*p + d. What is the tens digit of p?
9
Suppose -28674 = 1144*a - 1153*a. What is the hundreds digit of a?
1
Suppose 3*s = 66 - 30. Suppose -7*m + s*m = 35. What is the units digit of m?
7
What is the hundreds digit of (-57)/(-15) - 3 - 23148/(-90)?
2
Let r = 33 + 153. Let f = r - 86. What is the hundreds digit of f?
1
Suppose 3*z = -5*n + 14, 3*n - 1 = 5*z - 13. Suppose -4*u + 1184 = 5*r + 315, 3*u - 648 = -z*r. What is the hundreds digit of u?
2
Suppose 2*b = -2*k - 218, -b - 134 = 2*k - 6*k. Let j = 64 + b. Let a = j + 83. What is the tens digit of a?
3
Let j be (1/(-4 - -3))/((-2)/8). Suppose -j*i + 5*q + 763 = 0, 4*q - 10 = 2*q. What is the units digit of i?
7
Let h(i) = 29*i**2 + 5*i - 15. What is the hundreds digit of h(5)?
7
Suppose -43 = 5*d - 0*d - 3*g, -4*g - 71 = 5*d. Let k be 6*(-3)/(d - -2). Suppose -3*o + 4*x = -x - 49, -4*o + 22 = k*x. What is the units digit of o?
8
Let l = -441 - -909. What is the tens digit of l?
6
Suppose 7*a + 596 + 426 = 0. What is the tens digit of 2/20*a*-15?
1
Let z be ((-7)/(21/(-18)))/(-2). Let r = z + 8. Suppose -60 = -r*b + b. What is the tens digit of b?
1
Suppose 0 = 3*r - 355 + 130. Let d = 214 + r. What is the hundreds digit of d?
2
Let a = 171 + -316. Suppose 2*t + 122 = -42. Let m = t - a. What is the units digit of m?
3
What is the hundreds digit of (90/21)/(87/11774)?
5
Let t(q) = 14*q**2 + q + 1. Let n be t(-1). Suppose n*j - 4*j = 260. What is the units digit of j?
6
What is the hundreds digit of ((-10)/(-6))/(6/18) - -244?
2
Let d(h) = -33*h + 8. Let m be d(4). Let b = 214 + m. Suppose 36 - b = -2*x. What is the units digit of x?
7
Let b be (-4)/7 - 1209/(-217). Suppose 4*l + 5*p = 396, -495 = -b*l - 0*p + p. What is the tens digit of l?
9
Suppose -5*h + 10 = -v, v + 4*h + 1 = 9. Suppose v = -5*w - 15, 5*w - 393 = -6*n + 2*n. What is the hundreds digit of n?
1
Suppose -3*w + 5*w = -0*w. Suppose -250 = -5*r - 3*k + 6*k, w = 4*k. What is the tens digit of r?
5
Let n be ((-2)/(-1) - -2)*136/(-8). Let m = 118 + n. What is the units digit of m?
0
Let d be (-30)/35 + (-142)/14. Let a = 5 + 12. Let v = a + d. What is the units digit of v?
6
Let n(s) = 3*s - 3. Let t be n(-1). What is the tens digit of 6/9 - (-2 - (-728)/t)?
2
Suppose -4 = 2*m, 2*m + 1125 = 5*i + 7*m. What is the hundreds digit of i?
2
Let u(w) be the first derivative of 4*w**3 - 3*w**2 - 4*w - 10. What is the tens digit of u(3)?
8
Let c = 28 + -22. Suppose 4*v - c*v = 24. Let l = 9 - v. What is the units digit of l?
1
Suppose -3*l + 19 = -5*r + 62, 0 = 4*l - 16. Suppose 0 = -r*z + 10*z + 48. What is the tens digit of z?
4
Suppose 4*c + 4 = 32. Suppose 5*v - c*v + 252 = 0. What is the tens digit of v?
2
Suppose -76473 = -19*l - 68*l. What is the hundreds digit of l?
8
Let d(i) = -i**3 + 10*i**2 - 17*i - 1. Suppose -24 = 6*m - 72. Let x be d(m). Let o = x + 39. What is the tens digit of o?
3
Suppose 3*t - 18 = -0*t. Let l(v) = v**2 + 10*v + 7. Let m be l(-9). Let q = t + m. What is the units digit of q?
4
Let n(x) = -5*x**2 - 2. Let p(g) = 6*g**2 + 1. Let f(d) = 6*n(d) + 7*p(d). What is the tens digit of f(-3)?
0
Let o(q) = q - 24. Let b be o(27). Suppose 538 = 2*g + b*t, -1076 = -4*g + 3*t - 2*t. What is the hundreds digit of g?
2
What is the hundreds digit of 2/(-15) - ((-947936)/(-120))/(-11)?
7
Let g(t) = -8*t - 26. Let a(b) = b - 11. Let q be a(5). What is the tens digit of g(q)?
2
Let y be 3 + (-3 - 158) + 1. Suppose -3*g - 351 + 46 = -4*c, 2*g = 4*c - 210. Let v = g - y. What is the units digit of v?
2
Suppose -17*d + 19*d = 8. Suppose 2*h = -d*r + 268, 0*r = 4*r - 4. What is the hundreds digit of h?
1
Let x(w) = -7*w - 16. Let c be x(13). Let d = -57 - c. What is the units digit of d?
0
Let g be 0*(-3)/3 + 0. Suppose 3*o + g*j = 3*j + 21, -5*j = -o + 19. Suppose 2*y + 4*x + 9 = 37, 0 = y - o*x - 26. What is the tens digit of y?
1
Suppose 2*i - 33 - 11 = -2*y, 0 = -3*i + 2*y + 61. What is the units digit of 162/8 - i/(-28)?
1
Let v = -11 - -14. Suppose -284 = -4*t + 12. Suppose -v*z + 269 = t. What is the tens digit of z?
6
Suppose -4*n - k = -6 - 1, -5*n = -3*k - 13. Suppose z = n*w - 7, -w + z - 1 = -z. What is the tens digit of (28/(-1))/(w/(-10))?
5
Suppose 2077 = 4*w - 907. What is the tens digit of w?
4
Suppose 0 = 7*s - 4*s + 441. Let i = s + 360. What is the hundreds digit of i?
2
Suppose 644*p - 649*p + 8830 = 0. What is the tens digit of p?
6
What is the units digit of (4 - -1) + 972 - 6?
1
Let n = -43 + 43. What is the units digit of 148/4*1 - n?
7
What is the units digit of (2 - (-1)/1)*(-10760)/(-60)?
8
Let f = 936 + -651. Let u = f + -93. What is the tens digit of u?
9
Let y be ((-2466)/(-15))/(2/(-10)). What is the units digit of 1/(10/(-4)) - y/30?
7
Suppose 0 = 36*v - 70157 + 22817. What is the tens digit of v?
1
Let w be ((-1)/1)/(2/34). Let d(a) = -44*a**2 + 6*a + 20. Let i(u) = 15*u**2 - 2*u - 7. Let m(y) = w*i(y) - 6*d(y). What is the units digit of m(-1)?
0
Let s be 22*(6/(-4) - -2). Let l = s - 8. Suppose -l = 2*c - 17. What is the units digit of c?
7
Let l = 12 + -12. Suppose 5*v - 2*x + 6*x - 256 = l, -2*x + 102 = 2*v. What is the tens digit of v?
5
Let s = -292 + 445. What is the tens digit of s?
5
Suppose 5*t - 7*t - 5*z = -132, 296 = 5*t + 4*z. Let p(q) = 3*q**2 + 3*q. Let f be p(-2). What is the units digit of t/f + (-8)/(-12)?
0
Suppose 2*t + 12 = -t. Let w = 13 + t. Let u = w + 5. What is the tens digit of u?
1
Suppose 137 = -5*i - q + 621, -3*i = 5*q - 308. What is the units digit of i?
6
Let i = -45 + 78. Suppose -i = 32*d - 33*d. What is the tens digit of d?
3
Suppose -277*f + 4588 = -273*f. What is the thousands digit of f?
1
Suppose 3*c + 9 = 0, -2*u - u = -2*c - 24. Let a be -1*1/2*u. What is the tens digit of (33/6)/(a/(-6))?
1
Let p = 12 + -7. Suppose 0 = 4*r - p*r + 77. Suppose -5*b + 202 = r. What is the units digit of b?
5
Let d = 379 - 173. What is the tens digit of d?
0
Suppose 0 = 134*n - 136*n + 922. What is the tens digit of n?
6
Let l = 235 - 147. Suppose -4*f + 133 = -f + 2*z, -2*f - z + l = 0. What is the tens digit of f?
4
Let k(s) = s - 3. Let n(p) = 1. Let l(j) = -k(j) - 3*n(j). Let z(o) = -3*o + 4. Let a(m) = -l(m) + z(m). What is the tens digit of a(-5)?
1
Suppose -1839 = -4*x - 5*w, 4*x + 0*x = -2*w + 1854. What is the hundreds digit of x?
4
Suppose -13*s - 24 = -9*s. Let v be s/21 + 450/7. Suppose -3*i + 47 = -v. What is the units digit of i?
7
Suppose i = -5*y + 8818, 3*y = 8*y + 2*i - 8821. What is the units digit of y?
3
Let l = 20 + -17. Let s(m) = 6*m**2 - 5*m + 4. Let x be s(l). Let f = -19 + x. What is the units digit of f?
4
Let t = -13 + 17. Let k = 58 - t. Let w = k - 31. What is the tens digit of w?
2
Suppose -2*x = 2*q - 266, 4*q - 523 = -6*x + 5*x. What is the units digit of q?
0
What is the tens digit of 2*(1/(-5) - 1570/(-100))?
3
Suppose 2*a - 2*t = -2, 3*a + t = 2*t + 5. Let u(g) = 6*g**2 - 7. What is the units digit of u(a)?
7
Let t(v) = 2*v**2 + 5*v + 7. Let y be 1/(-6) - (-19)/6. Suppose 0 = -y*q - 5 - 4. What is the tens digit of t(q)?
1
Suppose -91*t = -121196 + 19458. What is the thousands digit of t?
1
What is the units digit of (-3)/((-6)/(-8)) + (-615040)/(-160)?
0
Suppose -1